ulate the remainder when 4492 is divided by 350.
292
Calculate the remainder when 2799 is divided by 310.
9
Calculate the remainder when 4390 is divided by 1459.
13
Calculate the remainder when 1802 is divided by 11.
9
What is the remainder when 1332 is divided by 47?
16
Calculate the remainder when 8269 is divided by 9.
7
Calculate the remainder when 2391 is divided by 72.
15
Calculate the remainder when 6153 is divided by 6138.
15
What is the remainder when 3173 is divided by 1909?
1264
What is the remainder when 155678 is divided by 32?
30
What is the remainder when 28228 is divided by 34?
8
What is the remainder when 4745 is divided by 1182?
17
Calculate the remainder when 134520 is divided by 148.
136
What is the remainder when 4386 is divided by 62?
46
Calculate the remainder when 3150 is divided by 343.
63
Calculate the remainder when 15017 is divided by 348.
53
Calculate the remainder when 349936 is divided by 642.
46
What is the remainder when 314 is divided by 191?
123
Calculate the remainder when 845 is divided by 135.
35
Calculate the remainder when 1033 is divided by 1000.
33
Calculate the remainder when 49860 is divided by 3835.
5
Calculate the remainder when 38426 is divided by 122.
118
What is the remainder when 2924 is divided by 82?
54
Calculate the remainder when 125765 is divided by 199.
196
What is the remainder when 4044 is divided by 654?
120
What is the remainder when 60028 is divided by 128?
124
Calculate the remainder when 12921 is divided by 84.
69
What is the remainder when 34 is divided by 14?
6
What is the remainder when 909 is divided by 557?
352
What is the remainder when 4986 is divided by 37?
28
What is the remainder when 1714461 is divided by 6?
3
What is the remainder when 2940 is divided by 427?
378
What is the remainder when 613715 is divided by 67?
62
Calculate the remainder when 10297 is divided by 19.
18
What is the remainder when 37388 is divided by 114?
110
Calculate the remainder when 672 is divided by 369.
303
What is the remainder when 4219 is divided by 16?
11
What is the remainder when 28725 is divided by 756?
753
Calculate the remainder when 3239 is divided by 90.
89
What is the remainder when 316 is divided by 172?
144
What is the remainder when 54923 is divided by 58?
55
Calculate the remainder when 1198335 is divided by 604.
603
What is the remainder when 185973 is divided by 81?
78
What is the remainder when 4240 is divided by 2333?
1907
Calculate the remainder when 2520 is divided by 141.
123
What is the remainder when 149275 is divided by 104?
35
Calculate the remainder when 17573 is divided by 52.
49
What is the remainder when 1631 is divided by 196?
63
Calculate the remainder when 36338 is divided by 512.
498
Calculate the remainder when 40962 is divided by 40962.
0
Calculate the remainder when 1010 is divided by 92.
90
What is the remainder when 738 is divided by 238?
24
Calculate the remainder when 709 is divided by 83.
45
What is the remainder when 1490 is divided by 84?
62
Calculate the remainder when 60898 is divided by 615.
13
What is the remainder when 123192 is divided by 458?
448
Calculate the remainder when 23498 is divided by 250.
248
Calculate the remainder when 37751 is divided by 57.
17
What is the remainder when 21139 is divided by 7041?
16
Calculate the remainder when 5378 is divided by 764.
30
Calculate the remainder when 602206 is divided by 41.
39
What is the remainder when 19820 is divided by 3850?
570
What is the remainder when 4118 is divided by 2058?
2
What is the remainder when 136168 is divided by 3680?
8
What is the remainder when 159764 is divided by 13?
7
What is the remainder when 8308 is divided by 1989?
352
Calculate the remainder when 79625 is divided by 39775.
75
Calculate the remainder when 21236 is divided by 82.
80
What is the remainder when 43227 is divided by 5395?
67
Calculate the remainder when 1531 is divided by 496.
43
What is the remainder when 170459 is divided by 227?
209
What is the remainder when 170567 is divided by 33?
23
What is the remainder when 127316 is divided by 972?
956
Calculate the remainder when 215325 is divided by 4.
1
What is the remainder when 64074 is divided by 123?
114
Calculate the remainder when 454727 is divided by 5167.
31
Calculate the remainder when 7243 is divided by 96.
43
What is the remainder when 3675 is divided by 263?
256
Calculate the remainder when 2475 is divided by 1175.
125
Calculate the remainder when 14967 is divided by 2961.
162
Calculate the remainder when 8745 is divided by 85.
75
Calculate the remainder when 2128 is divided by 59.
4
Calculate the remainder when 89623 is divided by 735.
688
Calculate the remainder when 23731 is divided by 381.
109
What is the remainder when 258747 is divided by 62?
21
What is the remainder when 19699103 is divided by 16?
15
What is the remainder when 8506 is divided by 709?
707
What is the remainder when 1369996 is divided by 342499?
0
Calculate the remainder when 77975 is divided by 36.
35
Calculate the remainder when 66917 is divided by 35.
32
Calculate the remainder when 6309 is divided by 3093.
123
What is the remainder when 80854 is divided by 11547?
25
Calculate the remainder when 338023 is divided by 248.
247
Calculate the remainder when 4925054 is divided by 24.
14
Calculate the remainder when 40382 is divided by 35.
27
What is the remainder when 2121014 is divided by 1095?
1094
Calculate the remainder when 36238 is divided by 77.
48
Calculate the remainder when 92985 is divided by 877.
23
Calculate the remainder when 5638 is divided by 201.
10
Calculate the remainder when 166351 is divided by 166346.
5
Calculate the remainder when 757344 is divided by 85.
79
Calculate the remainder when 416575 is divided by 795.
790
Calculate the remainder when 15151 is divided by 7337.
477
What is the remainder when 766332 is divided by 40333?
5
What is the remainder when 39367 is divided by 254?
251
Calculate the remainder when 1996 is divided by 1.
0
Calculate the remainder when 98325 is divided by 408.
405
What is the remainder when 953918 is divided by 83?
82
What is the remainder when 158278 is divided by 6?
4
What is the remainder when 2318 is divided by 111?
98
Calculate the remainder when 115238 is divided by 936.
110
Calculate the remainder when 49878 is divided by 7.
3
Calculate the remainder when 74820 is divided by 24937.
9
Calculate the remainder when 838 is divided by 741.
97
What is the remainder when 17796 is divided by 130?
116
What is the remainder when 54439 is divided by 889?
210
Calculate the remainder when 4552 is divided by 389.
273
What is the remainder when 255304 is divided by 2386?
2
What is the remainder when 1571 is divided by 384?
35
Calculate the remainder when 4298 is divided by 83.
65
What is the remainder when 4872 is divided by 971?
17
What is the remainder when 20720 is divided by 66?
62
What is the remainder when 49702 is divided by 3823?
3
Calculate the remainder when 6572 is divided by 758.
508
Calculate the remainder when 910 is divided by 646.
264
What is the remainder when 12026 is divided by 11?
3
What is the remainder when 80520 is divided by 994?
6
What is the remainder when 29033 is divided by 9674?
11
Calculate the remainder when 68514 is divided by 204.
174
Calculate the remainder when 585706 is divided by 293.
292
What is the remainder when 4672149 is divided by 11?
9
What is the remainder when 7836 is divided by 74?
66
Calculate the remainder when 5044 is divided by 1606.
226
What is the remainder when 9385 is divided by 4655?
75
What is the remainder when 897127 is divided by 206?
203
What is the remainder when 3451 is divided by 494?
487
What is the remainder when 138341 is divided by 9880?
21
What is the remainder when 46027 is divided by 197?
126
What is the remainder when 82313 is divided by 128?
9
Calculate the remainder when 946 is divided by 40.
26
What is the remainder when 544731 is divided by 532?
495
Calculate the remainder when 4342 is divided by 11.
8
What is the remainder when 30620 is divided by 30615?
5
Calculate the remainder when 5287 is divided by 10.
7
What is the remainder when 5376 is divided by 50?
26
What is the remainder when 93157 is divided by 1527?
10
Calculate the remainder when 4646203 is